{"id":9,"date":"2015-02-18T11:28:18","date_gmt":"2015-02-18T11:28:18","guid":{"rendered":"http:\/\/mabuweb.de\/?page_id=9"},"modified":"2015-02-19T10:50:54","modified_gmt":"2015-02-19T10:50:54","slug":"impressum","status":"publish","type":"page","link":"https:\/\/mabuweb.de\/?page_id=9","title":{"rendered":"Impressum"},"content":{"rendered":"<p><strong>Haftungs-Hinweis, Inhalts-Haftung und Haftungs-Ausschluss gem\u00e4\u00df TDG: Inhalt der Website:<\/strong><\/p>\n<p>Der Betreiber dieser Website hat alle Inhalte auf dieser Website sorgf\u00e4ltig gepr\u00fcft, \u00fcbernimmt jedoch keinerlei Haftung f\u00fcr die Aktualit\u00e4t, Korrektheit, Vollst\u00e4ndigkeit oder Qualit\u00e4t der bereitgestellten Informationen.\u00a0Wenn Angebote auf dieser Website gemacht werden, dann sind diese immer freibleibend, unverbindlich und vorbehaltlich endg\u00fcltiger Ausf\u00fchrung.\u00a0Der Betreiber dieser Website beh\u00e4lt es sich ausdr\u00fccklich vor, Teile dieser Website oder das gesamte Angebot ohne gesonderte Ank\u00fcndigung zu ver\u00e4ndern, zu erg\u00e4nzen, zu l\u00f6schen oder die Ver\u00f6ffentlichung zeitweise oder endg\u00fcltig einzustellen.<\/p>\n<p><strong>Verweise und Links:<\/strong><\/p>\n<p>F\u00fcr Websites Dritter, auf die von dieser Website hingewiesen oder verlinkt wird, tragen ausschlie\u00dflich die jeweiligen Anbieter die Verantwortung. Der Betreiber dieser Website ist f\u00fcr den Inhalt der verlinkten Websites Dritter weder verantwortlich, noch macht er sich deren Inhalte zueignen und \u00fcbernimmt f\u00fcr diese auch keinerlei Haftung.<br \/>\nUrheber- und Kennzeichen-Recht.\u00a0Der Betreiber dieser Website ist bestrebt, in allen Publikationen die Urheber-Rechte der verwendeten Grafiken und Texte zu beachten, von ihm selbst erstellte Grafiken und Texte zu nutzen oder auf lizenzfreie Grafiken und Texte zur\u00fcckzugreifen.\u00a0Alle innerhalb dieser Website genannten und ggf. durch Dritte gesch\u00fctzten Marken- und Warenzeichen unterliegen uneingeschr\u00e4nkt den Bestimmungen des jeweils g\u00fcltigen Kennzeichen-Rechts und den Besitz-Rechten der jeweiligen eingetragenen Eigent\u00fcmer.\u00a0Das Copyright f\u00fcr auf dieser Website ver\u00f6ffentlichte und vom Betreiber selbst erstellte Objekte bleibt allein beim Betreiber dieser Website. Eine Vervielf\u00e4ltigung oder Verwendung solcher Grafiken und Texte in anderen elektronischen oder gedruckten Publikationen ist ohne ausdr\u00fcckliche Zustimmung des Betreibers nicht gestattet.<\/p>\n<p><strong>Datenschutz:<\/strong><\/p>\n<p>Sofern innerhalb dieser Website die M\u00f6glichkeit zur Eingabe pers\u00f6nlicher oder gesch\u00e4ftlicher Daten (eMail-Adressen, Namen, Anschriften) besteht, so erfolgt die Preisgabe dieser Daten seitens des Nutzers auf ausdr\u00fccklich freiwilliger Basis!<\/p>\n<p><strong>Rechts-Wirksamkeit dieses Haftungs-Ausschlusses:<\/strong><\/p>\n<p>Sofern Teile oder einzelne Formulierungen dieser Website der geltenden Rechts-Lage nicht, nicht mehr oder nicht vollst\u00e4ndig entsprechen sollten, bleiben die \u00fcbrigen Teile der Website in ihrem Inhalt und ihrer G\u00fcltigkeit davon unber\u00fchrt.<\/p>\n","protected":false},"excerpt":{"rendered":"<p>Haftungs-Hinweis, Inhalts-Haftung und Haftungs-Ausschluss gem\u00e4\u00df TDG: Inhalt der Website: Der Betreiber dieser Website hat alle Inhalte auf dieser Website sorgf\u00e4ltig gepr\u00fcft, \u00fcbernimmt jedoch keinerlei Haftung f\u00fcr die Aktualit\u00e4t, Korrektheit, Vollst\u00e4ndigkeit oder Qualit\u00e4t der bereitgestellten Informationen.\u00a0Wenn Angebote auf dieser Website gemacht werden, dann sind diese immer freibleibend, unverbindlich und vorbehaltlich endg\u00fcltiger Ausf\u00fchrung.\u00a0Der Betreiber dieser Website beh\u00e4lt &hellip; <a href=\"https:\/\/mabuweb.de\/?page_id=9\" class=\"more-link\"><span class=\"screen-reader-text\">Impressum<\/span> weiterlesen <span class=\"meta-nav\">&rarr;<\/span><\/a><\/p>\n","protected":false},"author":1,"featured_media":0,"parent":0,"menu_order":0,"comment_status":"closed","ping_status":"closed","template":"","meta":[],"_links":{"self":[{"href":"https:\/\/mabuweb.de\/index.php?rest_route=\/wp\/v2\/pages\/9"}],"collection":[{"href":"https:\/\/mabuweb.de\/index.php?rest_route=\/wp\/v2\/pages"}],"about":[{"href":"https:\/\/mabuweb.de\/index.php?rest_route=\/wp\/v2\/types\/page"}],"author":[{"embeddable":true,"href":"https:\/\/mabuweb.de\/index.php?rest_route=\/wp\/v2\/users\/1"}],"replies":[{"embeddable":true,"href":"https:\/\/mabuweb.de\/index.php?rest_route=%2Fwp%2Fv2%2Fcomments&post=9"}],"version-history":[{"count":2,"href":"https:\/\/mabuweb.de\/index.php?rest_route=\/wp\/v2\/pages\/9\/revisions"}],"predecessor-version":[{"id":16,"href":"https:\/\/mabuweb.de\/index.php?rest_route=\/wp\/v2\/pages\/9\/revisions\/16"}],"wp:attachment":[{"href":"https:\/\/mabuweb.de\/index.php?rest_route=%2Fwp%2Fv2%2Fmedia&parent=9"}],"curies":[{"name":"wp","href":"https:\/\/api.w.org\/{rel}","templated":true}]}}